 i.
15
Let o = -9296 + 9371. Calculate the remainder when o is divided by 6/(-1)*(-30)/9.
15
Let x = -7991 + 8409. Calculate the remainder when x is divided by 9.
4
Let m(f) = -3*f**2 + 112*f - 156. Calculate the remainder when 698 is divided by m(35).
75
Let h = 47 + -42. Suppose 0 = -4*s - 5*b + b + 1048, h*s - 1283 = 4*b. Suppose -8*k + s = -301. What is the remainder when k is divided by 24?
22
Suppose -i = -57 - 9. Let v = i - 67. Let a(m) = -80*m**3 - m. Calculate the remainder when a(v) is divided by 12.
9
Let x(o) = 3*o. Let b be x(-17). Suppose -63 = 3*m - f - 271, -4*m - 4*f + 256 = 0. Let n = m + b. What is the remainder when 32 is divided by n?
15
Let q = 5472 - 5453. Calculate the remainder when q is divided by 11.
8
Suppose -113*s + 6855 + 24672 = 0. Calculate the remainder when s is divided by 8.
7
What is the remainder when 529 is divided by -2 + (70/15 - 5) + (-85)/(-3)?
9
Let a be ((-176)/(-24))/((-10)/(-15)). Let h(p) = -2*p + 30. What is the remainder when 62 is divided by h(a)?
6
Suppose s = -4*s - 20. Let k be (14/s + 2)/(5/10). Calculate the remainder when 54 - ((0 - k) + 4/(-1)) is divided by 14.
13
Suppose 64*z + 203 + 633 = 7876. Calculate the remainder when 1649 is divided by z.
109
Let d = 23356 + -19478. What is the remainder when d is divided by 30?
8
Let p(w) = -2*w + 5. Suppose 3*u = k - 923, 4*u + 246 = -5*k - 1010. Let z = 361 + u. What is the remainder when z is divided by p(-5)?
7
Let n(x) = 5*x + 9. Suppose 0 = -4*k - 4*l + 32, -k + 5*l - 21 + 65 = 0. Calculate the remainder when n(8) is divided by k.
7
Suppose -4*x - 3*w = -4*w - 412, -309 = -3*x + 2*w. What is the remainder when 108 is divided by x?
5
Let m = 248 + -175. Suppose -3*c + 1277 - 269 = 0. Let g = c - 297. What is the remainder when m is divided by g?
34
Suppose -2*l - 1750 = 3*i, i + 3*l + 181 = -400. Let t = -388 - i. What is the remainder when t is divided by 51?
43
Let v = 27696 + -14284. Calculate the remainder when v is divided by 38.
36
Let i(g) be the second derivative of 0 - 4*g - 1/6*g**3 + 14*g**2. What is the remainder when i(18) is divided by 6?
4
Suppose -21*a + 41058 = 2*l - 95339, -5*a + 32480 = 5*l. What is the remainder when a is divided by 97?
93
Let g be (-1 + 2)*2 - (-2 + 1). Suppose -g*d = -12, -2*w - 3*d = -0*w + 72. Calculate the remainder when 75 - (w/(-12) + 1/2) is divided by 18.
17
Let m(v) = -v**2 - 89*v - 1387. What is the remainder when 3388 is divided by m(-39)?
10
Let k = -20254 - -21514. Calculate the remainder when k is divided by 48.
12
Suppose -4*h + 2898 = -142*k + 145*k, -3*h + 2142 = -3*k. What is the remainder when h is divided by 100?
20
Let c = 20 + 24. What is the remainder when ((-52)/4 - 1005/(-60))/(3/140) is divided by c?
43
Let p = 2002 + 723. Calculate the remainder when p is divided by 42.
37
Suppose 12*y - 106 - 3386 = 0. What is the remainder when y is divided by 52?
31
Let u(q) = -2*q + 10. Let r be ((-30)/(-40))/((-3)/(-12)). Suppose -r*d = 2*b - 107, 105 = 3*d + 4*b - b. What is the remainder when d is divided by u(-6)?
15
Suppose 80370 = 74*g + 20504. Calculate the remainder when 1626 is divided by g.
8
Let f(o) = -365*o + 3777. Calculate the remainder when f(0) is divided by 210.
207
Suppose 1096 = -6*v - 962. Let t = 353 + v. Suppose -3*n + 5*w + 20 = -4, 0 = -5*w - 15. Calculate the remainder when t is divided by n.
1
Suppose -14*u - 42 = 168. Let n(z) = z**3 + 17*z**2 + 21*z - 37. Calculate the remainder when n(u) is divided by 52.
46
Suppose -139 = -5*u - 3*f - 41, 0 = 5*u - 5*f - 130. Suppose 4*n + 144 = x, -2*n + 338 = x + x. What is the remainder when x is divided by u?
10
Suppose -o + 5*b = -10682, 0 = 2*b - 14 + 24. What is the remainder when o is divided by 187?
185
Suppose -5*v + 4*v + 5 = 0. Suppose -23 = -2*x + v. Let c = 1032 + -964. Calculate the remainder when c is divided by x.
12
Let g(r) = 186 - 16*r - 98 - 91. Let j be g(-1). Suppose 0 = j*v - 11*v - 66. Calculate the remainder when 60 is divided by v.
27
Let a(y) = 2*y**2 + 71*y + 98. Let b be a(-35). Let c = b - -13. What is the remainder when c is divided by 27?
22
Let x = -3 + 32. Suppose -2*h - 5 = -3*k - 14, -3*h - 9 = 3*k. Calculate the remainder when (k - 1)/((-26)/351) is divided by x.
25
Suppose -8*o - 86 = 106. Let c = o + 29. What is the remainder when c is divided by 2?
1
Let d(o) = -o**2 - 6*o - 4. Let s be d(-4). Suppose -12 - 4 = -s*q, 2*i + 2*q = 28. Let h(k) = -18*k - 17. What is the remainder when h(-8) is divided by i?
7
Suppose 13*s = 6*s - 889. Let g = 137 + s. Calculate the remainder when 24 is divided by g.
4
Let q = 31 + -8. Suppose -4*l - 2*s + 156 = 0, -l + s + 107 = 2*l. Suppose 34*p - l*p = -39. Calculate the remainder when q is divided by p.
10
Suppose 2*m - 613 = -3*j, -4*m = 16*j - 19*j - 1253. What is the remainder when m is divided by 133?
45
Let o(k) = 58*k + 168. Let x be o(-20). Let p = x + 999. Let b(n) = 3*n**2 - 2*n + 2. Calculate the remainder when b(2) is divided by p.
3
Suppose 45*n + 2*q - 52 = 44*n, 2*n + 2*q - 114 = 0. What is the remainder when 185 is divided by n?
61
Suppose 3*q - 3 = -0. Let z be q - (0 + (1 - 1)) - -1. Suppose 4*r = 4*g - 0*g + 228, -z*g = 0. Calculate the remainder when r is divided by 15.
12
Let v(x) = -x**2 - x + 7. Suppose 3*f = 2*o - 7*o - 3, -f - 1 = -4*o. Let c be v(o). Suppose -7*n + 28 = c*n. Calculate the remainder when 8 is divided by n.
0
Let b be 18/4*2/(-6)*-2. Suppose 0 = 2*w - 6*w + b*m + 162, w + 4*m = 50. Calculate the remainder when (-21)/(-1 + 0)*28/w is divided by 5.
4
Let g(j) = j**3 + 6*j**2 + j + 4. Let r(k) = -29*k + 183. Calculate the remainder when r(-6) is divided by g(-5).
21
Let x = 233 + -191. Let u be (-6)/2*-22 - 0. Suppose 2*s - u = -4*s. Calculate the remainder when x is divided by s.
9
Suppose -5*p = -w + 482, -339 + 42 = 3*p + 2*w. Let x = 161 + p. Calculate the remainder when 125 is divided by x.
61
Suppose 11 = 4*k - 5. Let b = 587 - 582. Suppose -2*r = k*t, 0*t = -4*r - b*t + 12. What is the remainder when r is divided by 3?
2
Let k(g) = -14*g + 1008. Calculate the remainder when k(31) is divided by 32.
30
Suppose 0*h + 4*h + 2*v - 26872 = 0, 3*h - 2*v - 20147 = 0. What is the remainder when h is divided by 13?
9
Let l = 21274 + -21243. Let i = 1 - 1. Suppose i = a - 5*a + 80. What is the remainder when l is divided by a?
11
Let z = 31190 + -27021. Calculate the remainder when z is divided by 47.
33
Let b = -195 + 204. Suppose 0 = b*q - 0*q - 900. Calculate the remainder when q is divided by 13.
9
Suppose 3*a = 52 - 43. Suppose 0 = -a*d + 10*d - 2303. Calculate the remainder when d is divided by 48.
41
Let l = 207 + -9. What is the remainder when l is divided by ((48/20)/((-21)/21))/((-3)/50)?
38
Suppose -332 = 8*q - 612. Calculate the remainder when (-2410)/(-18) - q/(-315) is divided by 68.
66
Calculate the remainder when (-1)/((-15)/10)*(-18960)/(-32) is divided by 143.
109
Let s = -12196 - -12562. Calculate the remainder when s is divided by 339.
27
Let c = -3070 + -229. Let w = 4945 + c. Calculate the remainder when w is divided by 97.
94
Suppose 36 = -191*q + 200*q. Suppose 0 = r - q*u - 10 - 1, -75 = -3*r - 2*u. What is the remainder when 85 is divided by r?
16
Let u(h) = -30*h**3 + h**2 + h. Suppose 35*z = 52*z + 34. Calculate the remainder when u(z) is divided by 64.
50
Suppose f = -5*q + 27, 128*f - 125*f - 41 = -5*q. Let g(c) = c**2 + 6*c + 10. Let k be g(-8). Let t = k - 3. Calculate the remainder when t is divided by f.
2
Let z = -11017 + 11364. What is the remainder when z is divided by 3/2*150/9?
22
Suppose 2*a - 6650 = -5*u, -4*u + 4195 + 5780 = 3*a. Calculate the remainder when a is divided by 13.
10
Let q = 41 + -29. Let o = 329 - 321. What is the remainder when q is divided by o?
4
What is the remainder when (-10980)/10*(-6)/27 is divided by 202?
42
What is the remainder when (-9)/63 - 18090/(-63) is divided by 3?
2
Let a = 12779 - 12751. What is the remainder when 1864 is divided by a?
16
Suppose 3*t + 3 = 5*p, -4*p - 14*t - 5 = -9*t. Suppose -4*o + 7*f - 6*f + 115 = 0, p = -o + 4*f + 25. What is the remainder when 194 is divided by o?
20
Let k(d) = -d**2 + 48*d + 100. What is the remainder when k(37) is divided by 27?
21
Let m = -6808 + 6843. Calculate the remainder when m is divided by